 What is the remainder when 8 is divided by d(0)?
2
Suppose -3*r = -13 + 7. Suppose -r*z + 141 = 17. Let c = -2 + 18. What is the remainder when z is divided by c?
14
Suppose 2*m + 2*x = 34 + 24, 4*m = 3*x + 81. Calculate the remainder when 5/5 + -2 + 44 is divided by m.
19
Let b = -13 + 16. Suppose b*n + 8 = 41. Suppose 3*p + 5*m - 9 = 2*m, n = 4*p + 3*m. What is the remainder when 5 is divided by p?
1
Suppose -4*x - 12 = -7*x. Suppose 3*i - 355 = -5*h - 2*i, -3*h = -x*i - 185. Calculate the remainder when h is divided by 34.
33
Suppose a - 3*d + 4 = -0, -a + 2*d + 1 = 0. Calculate the remainder when 16 is divided by a.
5
Let p(k) = 2*k - 22. Let b be p(10). Let v be (-9)/(-2) + b/(-4). Suppose -93 - 37 = -v*r. What is the remainder when 50 is divided by r?
24
Let a(s) = 32*s + 265. Calculate the remainder when a(-5) is divided by 27.
24
Let k(z) = 20*z + 70. What is the remainder when 35 is divided by k(-3)?
5
Suppose 2*c + v - 30 = -4*v, v = 4. Let t = 2 - -9. Suppose 3 - t = -4*d. Calculate the remainder when c is divided by d.
1
Suppose x = u + 2*x - 1001, -x + 3007 = 3*u. Suppose -5*p = -u + 118. Calculate the remainder when p is divided by 45.
42
Let p = -22 + 87. Suppose 3*y + 9*r = 14*r + 80, -y - 3*r + 22 = 0. Calculate the remainder when p is divided by y.
15
Calculate the remainder when (50/(-15))/(1/(-93)) is divided by 32.
22
Let p(u) be the third derivative of 17*u**6/60 - u**5/60 + u**3/6 + 9*u**2. Calculate the remainder when p(1) is divided by 18*(-2 + (1 - -2)).
16
Suppose 3*p - a - 170 = 0, 5*p - 2*p - 4*a = 176. Calculate the remainder when (-1002)/4*(-24)/36 is divided by p.
55
Suppose 2096 = -2*s + b, 5*b + 708 = -s - 351. Calculate the remainder when 1 + (-5)/20 + s/(-4) is divided by 44.
43
Suppose -3*z + 236 = 4*t, -3*z + 0*t = -4*t - 220. Let n = -78 - -43. Let k = n + 74. Calculate the remainder when z is divided by k.
37
Let p(w) = 3*w**2 - 13*w + 31. Calculate the remainder when p(15) is divided by 19.
17
Suppose 3*q - 293 = 4*f, -3*q - 424 = -7*q - 3*f. What is the remainder when q is divided by 27?
22
Suppose 4*x - 12 = 4*a + 4, 0 = -5*x - 10. Let j(s) = -2*s + 46. Suppose 2*k - 11 = 29. Calculate the remainder when j(a) is divided by k.
18
Let z = 34 - 63. Let k = 34 - z. Calculate the remainder when k is divided by 33.
30
Let k = 116 + -51. Suppose -5*m = 5*p - k, 5*m = 5*p - 20 - 45. Suppose -b - b = -3*t + 23, 2*t = -b + p. Calculate the remainder when 12 is divided by t.
5
Let i(h) = 8*h**2 + 16*h - 93. What is the remainder when 258 is divided by i(4)?
60
Let p(k) = k**3 + 8*k**2 - 7*k + 22. Suppose 44 = 3*a - 7. What is the remainder when a is divided by p(-9)?
1
Suppose -209 = -5*v - 2*a - 56, 0 = 5*v - 4*a - 129. What is the remainder when v is divided by 2?
1
Suppose 2*x = 4, 2*h - 5*x = -0 + 104. Let j = h - 40. What is the remainder when j is divided by 10?
7
Suppose 13 = -3*y + 46. Let z(j) = 11*j + 12 - 3 - 1 - j**2 + 10. What is the remainder when y is divided by z(12)?
5
Suppose 0*b + 22 = 2*b. Calculate the remainder when b is divided by 12 + 0 - (353 + -343).
1
Suppose 2*q - 5*r - 63 = 0, -8*q - r = -99 - 48. What is the remainder when 73 is divided by q?
16
Let z(p) = -53*p - 3. Let s(r) = r**2 - 19*r + 119. Calculate the remainder when z(-4) is divided by s(7).
34
Let c = 89 + -60. Suppose 2*m + 3*r - 10 = 0, -2 = -2*m + 5*r - 8. Suppose c = m*u - 1. What is the remainder when 55 is divided by u?
10
What is the remainder when 993 is divided by (1 - 1/(-1)) + 2898/42?
70
Suppose 0 = 7*j - 32 - 192. Calculate the remainder when 62 is divided by j.
30
Suppose 2*i - 14 = -0*r - 2*r, 30 = 5*i + 4*r. Suppose 0 = 3*w - 6, 9 = c + 2*w + i*w. Suppose l - 2 = c. Calculate the remainder when l is divided by 1.
0
Let x = 32 - 28. Suppose -l + x + 5 = 0. Calculate the remainder when 42 is divided by l.
6
Let i = 29 - 23. Let t(l) = -3*l + 6*l**2 + 3 + 8*l**3 - i*l**2. Calculate the remainder when t(2) is divided by 16.
13
Let z be (-6 + 14 + 839)/(1/2). Calculate the remainder when ((-2)/1)/((-44)/z) is divided by 13.
12
What is the remainder when 16 is divided by 12/(-10) + 1 + (-574)/(-70)?
0
Let f = 1619 - 1461. What is the remainder when f is divided by 32?
30
Calculate the remainder when 12/6 + 37 + 2 is divided by 23.
18
Let y = -3 + 3. Let r(s) = s - 3. Let f be r(5). Suppose 6*n - f*n - 80 = y. What is the remainder when 59 is divided by n?
19
Suppose 4*h - 30 = -2*j, 4*h - 2*j - 15 = -j. Suppose -43 = -0*g + g - 5*a, 0 = h*g - 5*a + 195. Calculate the remainder when 11 is divided by (-19)/g*3*2.
2
Let r(t) = t + 11. Let n be r(-7). Let a(z) = z**3 - 6*z**2 + 2*z. Let k be a(n). Calculate the remainder when 70 is divided by (-900)/k + 6/(-4).
34
Suppose 0 = -c + 2*i - i + 27, 2*c + 4*i - 30 = 0. Calculate the remainder when 1605 is divided by c.
18
Suppose -4*q + 438 = -2*q + a, 657 = 3*q - 2*a. Let h = q + -68. What is the remainder when h is divided by 8?
7
Let b(h) = 4*h + 2. Let t be b(2). Let r be 1 + (-9)/11 + 1770/66. Let n = r - t. What is the remainder when n is divided by 9?
8
Let y(d) = -d**3 + 18*d**2 - 20*d - 22. Calculate the remainder when y(16) is divided by 44.
38
Let g(o) = o**3 + 3*o**2 + 3*o + 2. Let c be g(-2). Suppose c = -3*d + 103 + 74. Calculate the remainder when d is divided by 15.
14
Suppose 3*m - 5*f - 10 = 0, 4*f + 8 = 4*m - 8. Let g(u) = u + 4. Let a be g(-3). Calculate the remainder when 73 is divided by a*19/5*m.
16
Let k = -43 - -56. Calculate the remainder when 282 is divided by k.
9
Let g = -300 + 517. Calculate the remainder when g is divided by 44.
41
Let j(f) = 3*f + 15. Let d be j(7). Let x = -5 + d. Let c(t) = -31*t - 3. What is the remainder when c(-3) is divided by x?
28
Let h(m) = 4*m + 69. What is the remainder when 142 is divided by h(-10)?
26
Suppose 0 = -2*l - 3*l - 40. Let h = 441 + -453. What is the remainder when 43 is divided by (-108)/l + h/(-8)?
13
Suppose -5*c + 381 = 4*o, -o = -4*c - 6*o + 312. Calculate the remainder when c is divided by 26.
21
What is the remainder when (1 - (-95)/(-2))/((-26)/156) is divided by 57?
51
Suppose 4*r - 72 = -6*x + 2*x, -x + 14 = 2*r. Calculate the remainder when 63 is divided by x.
19
What is the remainder when 2/4*7/(-14)*-1132 is divided by 139?
5
Suppose r = 3*r - 32. Calculate the remainder when ((-68)/85 - (-82)/(-10))*-5 is divided by r.
13
Suppose -2 + 8 = 3*d. Let a(f) = -4*f - 2*f - d*f + f - 2. Calculate the remainder when 56 is divided by a(-3).
18
Suppose 5*z + 4*c = 93, -4*c + 35 = 27. What is the remainder when 504 is divided by z?
11
Suppose -3*a = 4*x - 7, -9*x = 2*a - 8*x - 8. Calculate the remainder when 22 is divided by a.
2
Let s(q) = 9*q - 1. Calculate the remainder when 161 - 12/(-30)*50/4 is divided by s(2).
13
Let r(u) = 3*u - 10. What is the remainder when 202 is divided by r(17)?
38
Suppose 0 = -26*t + 220 + 170. What is the remainder when t is divided by 9?
6
Let q(h) = 5*h**3 + 4*h**2 - 15*h - 5. What is the remainder when q(4) is divided by 80?
79
Suppose 55*h = 33*h - 10*h + 544. Let v(k) = -44*k. Calculate the remainder when v(-1) is divided by h.
10
What is the remainder when (1/(-2))/(155/(-93310)) is divided by 81?
58
Suppose 2*u + 339 = 3*z, 5*z + 6*u = 3*u + 565. Suppose -q = 2*q - 4*p - z, 0 = -5*q - 5*p + 200. What is the remainder when q is divided by 22?
17
Let l be (3 - 1) + 3*-4. Let o be (-4)/l + (-432)/(-20). Suppose 3*b - o = -7. Calculate the remainder when 19 is divided by b.
4
Let g(h) = h**2 - 2*h + 2. Let b = 131 + -128. What is the remainder when 28 is divided by g(b)?
3
Let s(m) = 2*m**3 - m**2 + m. Let k be s(1). Suppose 0 = -k*z - 6, 84 - 506 = 4*p + 2*z. Calculate the remainder when (p/(-6))/((-2)/(-3)) is divided by 9.
8
Suppose 5*d - 453 = -3*a + 8*d, 2*a - 287 = -3*d. What is the remainder when a is divided by 77?
71
Suppose -13*t + 21*t - 104 = 0. Calculate the remainder when 77 is divided by t.
12
Let y = -52 - -83. Suppose m - y = -a + 6*m, 14 = -a - 4*m. Calculate the remainder when 6 is divided by a.
0
Suppose -a + 5*n = -41, -6*n = -4*a - n + 134. Calculate the remainder when a is divided by 54/5 - (-1)/5.
9
Let n = 3 - -15. Let w = 29 - n. Calculate the remainder when 64 is divided by w.
9
Let c be 1/4 - 59/(-4). Suppose 10*v = c*v - 90. Wha